{"id":222,"date":"2019-05-06T18:04:34","date_gmt":"2019-05-06T16:04:34","guid":{"rendered":"https:\/\/www.fqingenieria.com\/landing\/?page_id=222"},"modified":"2019-07-15T12:24:03","modified_gmt":"2019-07-15T10:24:03","slug":"quienes-somos","status":"publish","type":"page","link":"https:\/\/www.fqingenieria.com\/landing\/quienes-somos\/","title":{"rendered":"Quienes somos"},"content":{"rendered":"<p>[et_pb_section fb_built=\u00bb1&#8243; module_id=\u00bbheader_top\u00bb _builder_version=\u00bb3.22.3&#8243; custom_margin=\u00bb10px||10px\u00bb custom_padding=\u00bb0||||false|false\u00bb global_module=\u00bb349&#8243; saved_tabs=\u00bball\u00bb][et_pb_row custom_padding=\u00bb0|0px|0|0px|false|false\u00bb module_class_1=\u00bbfirst-on-mobile two-columns\u00bb module_class_2=\u00bbthird-on-mobile\u00bb module_class_3=\u00bbsecond-on-mobile two-columns\u00bb module_class=\u00bbcustom_row\u00bb _builder_version=\u00bb3.22.7&#8243; max_width_phone=\u00bb50%\u00bb max_width_last_edited=\u00bboff|phone\u00bb][et_pb_column type=\u00bb1_3&#8243; _builder_version=\u00bb3.19.17&#8243;][et_pb_text _builder_version=\u00bb3.22.7&#8243; text_font=\u00bb||||||||\u00bb text_text_color=\u00bb#414141&#8243; text_font_size=\u00bb16px\u00bb text_letter_spacing=\u00bb1px\u00bb text_line_height=\u00bb1.5em\u00bb text_orientation=\u00bbright\u00bb]<\/p>\n<p style=\"text-align: left;\"><a href=\"tel:+34932080258\"><strong>T. 93 208 02 58<\/strong><\/a><br \/><strong> <a href=\"mailto:info@fqingenieria.com\">info@fqingenieria.com<\/a><\/strong><\/p>\n<p>[\/et_pb_text][\/et_pb_column][et_pb_column type=\u00bb1_3&#8243; _builder_version=\u00bb3.19.17&#8243;][et_pb_image src=\u00bbhttps:\/\/www.fqingenieria.com\/landing\/wp-content\/uploads\/2019\/04\/logo_fq.png\u00bb url=\u00bbhttps:\/\/www.fqingenieria.com\u00bb url_new_window=\u00bbon\u00bb show_bottom_space=\u00bboff\u00bb align=\u00bbcenter\u00bb align_tablet=\u00bbcenter\u00bb align_last_edited=\u00bbon|desktop\u00bb _builder_version=\u00bb3.23.3&#8243; max_width=\u00bb50%\u00bb custom_padding=\u00bb||\u00bb][\/et_pb_image][\/et_pb_column][et_pb_column type=\u00bb1_3&#8243; _builder_version=\u00bb3.19.17&#8243;][et_pb_text _builder_version=\u00bb3.22.7&#8243;]<span>\n<div role=\"navigation\" aria-label=\"Selector de idioma\" class=\"wpml-ls-statics-footer wpml-ls wpml-ls-legacy-list-horizontal\">\n\t<ul><li class=\"wpml-ls-slot-footer wpml-ls-item wpml-ls-item-es wpml-ls-current-language wpml-ls-first-item wpml-ls-item-legacy-list-horizontal\">\n\t\t\t\t<a href=\"https:\/\/www.fqingenieria.com\/landing\/\" hreflang=\"es\" lang=\"es\" class=\"wpml-ls-link\" aria-current=\"page\" aria-label=\"Cambiar a ES\" title=\"Cambiar a ES\">\n\t\t\t\t\t<span class=\"wpml-ls-native\">ES<\/span><\/a>\n\t\t\t<\/li><li class=\"wpml-ls-slot-footer wpml-ls-item wpml-ls-item-en wpml-ls-item-legacy-list-horizontal\">\n\t\t\t\t<a href=\"https:\/\/www.fqingenieria.com\/landing\/en\/\" hreflang=\"en\" lang=\"en\" class=\"wpml-ls-link\" aria-label=\"Cambiar a EN\" title=\"Cambiar a EN\">\n\t\t\t\t\t<span class=\"wpml-ls-native\">EN<\/span><\/a>\n\t\t\t<\/li><li class=\"wpml-ls-slot-footer wpml-ls-item wpml-ls-item-pt-pt wpml-ls-last-item wpml-ls-item-legacy-list-horizontal\">\n\t\t\t\t<a href=\"https:\/\/www.fqingenieria.com\/landing\/pt-pt\/\" hreflang=\"pt-pt\" lang=\"pt-pt\" class=\"wpml-ls-link\" aria-label=\"Cambiar a PT\" title=\"Cambiar a PT\">\n\t\t\t\t\t<span class=\"wpml-ls-native\">PT<\/span><\/a>\n\t\t\t<\/li><\/ul>\n<\/div>\n<\/span>[\/et_pb_text][\/et_pb_column][\/et_pb_row][\/et_pb_section][et_pb_section fb_built=\u00bb1&#8243; fullwidth=\u00bbon\u00bb _builder_version=\u00bb3.22.3&#8243; custom_padding=\u00bb0|0px|0px|0px|false|false\u00bb][et_pb_fullwidth_slider module_id=\u00bbtopslider\u00bb _builder_version=\u00bb3.22.7&#8243; header_font=\u00bb||||||||\u00bb min_height=\u00bb428px\u00bb custom_padding=\u00bb||343px|||\u00bb][et_pb_slide _builder_version=\u00bb3.22.7&#8243; background_image=\u00bbhttps:\/\/www.fqingenieria.com\/landing\/wp-content\/uploads\/2019\/05\/slider-quienes-somos.jpg\u00bb][\/et_pb_slide][\/et_pb_fullwidth_slider][\/et_pb_section][et_pb_section fb_built=\u00bb1&#8243; _builder_version=\u00bb3.22.3&#8243; min_height=\u00bb778px\u00bb custom_margin=\u00bb-3px|||||\u00bb custom_padding=\u00bb39px|0px|50px|0px|false|false\u00bb][et_pb_row _builder_version=\u00bb3.22.3&#8243;][et_pb_column type=\u00bb4_4&#8243; _builder_version=\u00bb3.19.17&#8243;][et_pb_text _builder_version=\u00bb3.22.7&#8243; header_font=\u00bb||||||||\u00bb header_font_size=\u00bb52px\u00bb custom_padding=\u00bb||0px|||\u00bb]<\/p>\n<h1 style=\"text-align: center;\">Qui\u00e9nes somos<\/h1>\n<p>[\/et_pb_text][et_pb_text _builder_version=\u00bb3.22.7&#8243;]<\/p>\n<p>FQ es una sociedad de capital privado, fundada en 1.984, marcadamente orientada desde sus inicios a ofrecer la m\u00e1xima profesionalidad y rigor en los productos y procesos que desarrollamos.<\/p>\n<p>Nuestra<span>\u00a0<\/span><strong>especializaci\u00f3n y conocimiento<\/strong><span>\u00a0<\/span>nos permite ofrecer hardware y software. Asesoramos a los clientes al inicio de cada proyecto, suministramos productos o sistemas y, todo ello, soportado a trav\u00e9s de una garant\u00eda local y un servicio t\u00e9cnico post-venta propio.<\/p>\n<p>Las principales \u00e1reas de nuestra especializaci\u00f3n son:<\/p>\n<ul>\n<li>Sistemas de identificaci\u00f3n con tarjeta de pl\u00e1stico (banda magn\u00e9tica y chip).<\/li>\n<li>\u00a0Sistemas de identificaci\u00f3n con ticket.<\/li>\n<li>Sistemas de identificaci\u00f3n basados en RFID<\/li>\n<li>Sistemas de impresi\u00f3n t\u00e9rmica.<\/li>\n<li>Teclados y sistemas de punteros industriales.<\/li>\n<li>M\u00f3dulos RF de radio de baja potencia.<\/li>\n<li>Rel\u00e9s e interruptores herm\u00e9ticos de alta seguridad.<\/li>\n<li>Cabezales magn\u00e9ticos de lectura\/grabaci\u00f3n<\/li>\n<\/ul>\n<p>Para ello nos apoyamos con las mejores firmas internacionales de cada especialidad, suministrando los productos y combin\u00e1ndolos con nuestros propios desarrollos de hardware y software.<\/p>\n<p>Finalmente y para asegurar que toda la actividad de la empresa, es decir, productos, procesos y servicios est\u00e1n conformes con las expectativas de los clientes, proveedores, empleados y accionistas, la empresa se rige de acuerdo a la norma<span>\u00a0<\/span><strong>ISO9001\/2008<\/strong><\/p>\n<p>[\/et_pb_text][\/et_pb_column][\/et_pb_row][\/et_pb_section][et_pb_section fb_built=\u00bb1&#8243; _builder_version=\u00bb3.22.3&#8243; background_color=\u00bb#e17f3a\u00bb custom_padding=\u00bb30px|0px|54px|0px|false|false\u00bb][et_pb_row custom_padding=\u00bb27px|0px|0|0px|false|false\u00bb _builder_version=\u00bb3.22.3&#8243;][et_pb_column type=\u00bb4_4&#8243; _builder_version=\u00bb3.19.17&#8243;][et_pb_cta title=\u00bbPara m\u00e1s informaci\u00f3n visita nuestra p\u00e1gina web\u00bb button_url=\u00bbhttps:\/\/www.fqingenieria.com\u00bb url_new_window=\u00bbon\u00bb button_text=\u00bbvisitar web\u00bb _builder_version=\u00bb3.22.7&#8243; use_background_color=\u00bboff\u00bb border_radii=\u00bbon|6px|6px|6px|6px\u00bb]<\/p>\n<p>Soluciones de hardware especializado e ingenier\u00eda<\/p>\n<p>[\/et_pb_cta][\/et_pb_column][\/et_pb_row][\/et_pb_section][et_pb_section fb_built=\u00bb1&#8243; _builder_version=\u00bb3.22.3&#8243; background_color=\u00bb#f2f2f2&#8243; custom_padding=\u00bb50px|0px|60px|0px|false|false\u00bb][et_pb_row _builder_version=\u00bb3.22.3&#8243;][et_pb_column type=\u00bb4_4&#8243; _builder_version=\u00bb3.19.17&#8243;][et_pb_text _builder_version=\u00bb3.22.7&#8243; text_font=\u00bb||||||||\u00bb header_font=\u00bb||||||||\u00bb header_text_color=\u00bb#000000&#8243; header_2_font=\u00bb||||||||\u00bb header_3_font=\u00bb||||||||\u00bb header_3_text_align=\u00bbleft\u00bb header_3_text_color=\u00bb#414141&#8243; header_3_font_size=\u00bb28px\u00bb custom_margin=\u00bb||10px|15px\u00bb custom_padding=\u00bb||\u00bb]<\/p>\n<h3 style=\"text-align: center;\">Cu\u00e9ntanos tu proyecto. Nos encantar\u00e1 poder ayudarte.<\/h3>\n<p>[\/et_pb_text][et_pb_code module_class=\u00bbformulario shadowbox\u00bb _builder_version=\u00bb3.23.3&#8243; use_background_color_gradient=\u00bbon\u00bb background_color_gradient_start=\u00bb#bfc120&#8243; background_color_gradient_end=\u00bb#18739c\u00bb custom_padding=\u00bb15px|15px|15px|15px|true|true\u00bb]\n<div class=\"wpcf7 no-js\" id=\"wpcf7-f60-o1\" lang=\"es-ES\" dir=\"ltr\">\n<div class=\"screen-reader-response\"><p role=\"status\" aria-live=\"polite\" aria-atomic=\"true\"><\/p> <ul><\/ul><\/div>\n<form action=\"\/landing\/wp-json\/wp\/v2\/pages\/222#wpcf7-f60-o1\" method=\"post\" class=\"wpcf7-form init\" aria-label=\"Formulario de contacto\" novalidate=\"novalidate\" data-status=\"init\">\n<div style=\"display: none;\">\n<input type=\"hidden\" name=\"_wpcf7\" value=\"60\" \/>\n<input type=\"hidden\" name=\"_wpcf7_version\" value=\"5.7.7\" \/>\n<input type=\"hidden\" name=\"_wpcf7_locale\" value=\"es_ES\" \/>\n<input type=\"hidden\" name=\"_wpcf7_unit_tag\" value=\"wpcf7-f60-o1\" \/>\n<input type=\"hidden\" name=\"_wpcf7_container_post\" value=\"0\" \/>\n<input type=\"hidden\" name=\"_wpcf7_posted_data_hash\" value=\"\" \/>\n<input type=\"hidden\" name=\"_wpcf7_recaptcha_response\" value=\"\" \/>\n<\/div>\n<p><span class=\"wpcf7-form-control-wrap\" data-name=\"your-name\"><input size=\"40\" class=\"wpcf7-form-control wpcf7-text wpcf7-validates-as-required\" aria-required=\"true\" aria-invalid=\"false\" placeholder=\"Nombre*\" value=\"\" type=\"text\" name=\"your-name\" \/><\/span><br \/>\n<span class=\"wpcf7-form-control-wrap\" data-name=\"your-email\"><input size=\"40\" class=\"wpcf7-form-control wpcf7-text wpcf7-email wpcf7-validates-as-required wpcf7-validates-as-email\" aria-required=\"true\" aria-invalid=\"false\" placeholder=\"Email*\" value=\"\" type=\"email\" name=\"your-email\" \/><\/span><br \/>\n<span class=\"wpcf7-form-control-wrap\" data-name=\"your-message\"><textarea cols=\"40\" rows=\"10\" class=\"wpcf7-form-control wpcf7-textarea\" aria-invalid=\"false\" placeholder=\"Escribe tu mensaje\" name=\"your-message\"><\/textarea><\/span>\n<\/p>\n<div class=\"formulario-check\">\n\t<p><span class=\"wpcf7-form-control-wrap\" data-name=\"acceptance-816\"><span class=\"wpcf7-form-control wpcf7-acceptance\"><span class=\"wpcf7-list-item\"><input type=\"checkbox\" name=\"acceptance-816\" value=\"1\" aria-invalid=\"false\" \/><\/span><\/span><\/span> He le\u00eddo y acepto la <a target=\"_blank\" href=\"https:\/\/www.fqingenieria.com\/es\/empresa\/privacidad-y-cookies\">pol\u00edtica de privacidad<\/a>\n\t<\/p>\n<\/div>\n<p><button class=\"wpcf7-form-control has-spinner et_pb_button et_pb_bg_layout_light wpcf7-submit\" type=\"submit\" value=\"Enviar\">Enviar<\/button>\n<\/p>\n<div class=\"formulario-acceptance\">\n\t<p>En nombre de la empresa tratamos la informaci\u00f3n que nos facilita con el fin de enviarle publicidad relacionada con nuestros productos y servicios por cualquier medio (postal, email o tel\u00e9fono) e invitarle a eventos organizados por la empresa. Los datos proporcionados se conservar\u00e1n mientras no solicite el cese de la actividad. Los datos no se ceder\u00e1n a terceros salvo en los casos en que exista una obligaci\u00f3n legal. Usted tiene derecho a obtener confirmaci\u00f3n sobre si en FQ INGENIERIA ELECTRONICA, S.A. estamos tratando sus datos personales por tanto tiene derecho a acceder a sus datos personales, rectificar los datos inexacto o solicitar su supresi\u00f3n cuando los datos ya no sean necesarios para los fines que fueron recogidos. Para m\u00e1s detalles puede consultar nuestra <a target=\"_blank\" href=\"https:\/\/www.fqingenieria.com\/es\/empresa\/privacidad-y-cookies\">pol\u00edtica de privacidad<\/a>.\n\t<\/p>\n<\/div><div class=\"wpcf7-response-output\" aria-hidden=\"true\"><\/div>\n<\/form>\n<\/div>\n[\/et_pb_code][\/et_pb_column][\/et_pb_row][\/et_pb_section]<\/p>\n","protected":false},"excerpt":{"rendered":"<p>T. 93 208 02 58 info@fqingenieria.com\n<div role=\"navigation\" aria-label=\"Selector de idioma\" class=\"wpml-ls-statics-footer wpml-ls wpml-ls-legacy-list-horizontal\">\n\t<ul><li class=\"wpml-ls-slot-footer wpml-ls-item wpml-ls-item-es wpml-ls-current-language wpml-ls-first-item wpml-ls-item-legacy-list-horizontal\">\n\t\t\t\t<a href=\"https:\/\/www.fqingenieria.com\/landing\/\" hreflang=\"es\" lang=\"es\" class=\"wpml-ls-link\" aria-current=\"page\" aria-label=\"Cambiar a ES\" title=\"Cambiar a ES\">\n\t\t\t\t\t<span class=\"wpml-ls-native\">ES<\/span><\/a>\n\t\t\t<\/li><li class=\"wpml-ls-slot-footer wpml-ls-item wpml-ls-item-en wpml-ls-item-legacy-list-horizontal\">\n\t\t\t\t<a href=\"https:\/\/www.fqingenieria.com\/landing\/en\/\" hreflang=\"en\" lang=\"en\" class=\"wpml-ls-link\" aria-label=\"Cambiar a EN\" title=\"Cambiar a EN\">\n\t\t\t\t\t<span class=\"wpml-ls-native\">EN<\/span><\/a>\n\t\t\t<\/li><li class=\"wpml-ls-slot-footer wpml-ls-item wpml-ls-item-pt-pt wpml-ls-last-item wpml-ls-item-legacy-list-horizontal\">\n\t\t\t\t<a href=\"https:\/\/www.fqingenieria.com\/landing\/pt-pt\/\" hreflang=\"pt-pt\" lang=\"pt-pt\" class=\"wpml-ls-link\" aria-label=\"Cambiar a PT\" title=\"Cambiar a PT\">\n\t\t\t\t\t<span class=\"wpml-ls-native\">PT<\/span><\/a>\n\t\t\t<\/li><\/ul>\n<\/div>\nQui\u00e9nes somosFQ es una sociedad de capital privado, fundada en 1.984, marcadamente orientada desde sus inicios a ofrecer la m\u00e1xima profesionalidad y rigor en los productos y procesos que desarrollamos. Nuestra\u00a0especializaci\u00f3n y conocimiento\u00a0nos permite ofrecer hardware y software. Asesoramos a los clientes al inicio de cada [&hellip;]<\/p>\n","protected":false},"author":1,"featured_media":0,"parent":0,"menu_order":0,"comment_status":"closed","ping_status":"closed","template":"solo_footer.php","meta":{"_et_pb_use_builder":"on","_et_pb_old_content":"","_et_gb_content_width":"","footnotes":""},"yoast_head":"<!-- This site is optimized with the Yoast SEO plugin v20.4 - https:\/\/yoast.com\/wordpress\/plugins\/seo\/ -->\n<title>Quienes somos - FQ Ingenier\u00eda Electr\u00f3nica<\/title>\n<meta name=\"robots\" content=\"index, follow, max-snippet:-1, max-image-preview:large, max-video-preview:-1\" \/>\n<link rel=\"canonical\" href=\"https:\/\/www.fqingenieria.com\/landing\/quienes-somos\/\" \/>\n<meta property=\"og:locale\" content=\"es_ES\" \/>\n<meta property=\"og:type\" content=\"article\" \/>\n<meta property=\"og:title\" content=\"Quienes somos - FQ Ingenier\u00eda Electr\u00f3nica\" \/>\n<meta property=\"og:description\" content=\"T. 93 208 02 58 info@fqingenieria.comQui\u00e9nes somosFQ es una sociedad de capital privado, fundada en 1.984, marcadamente orientada desde sus inicios a ofrecer la m\u00e1xima profesionalidad y rigor en los productos y procesos que desarrollamos. Nuestra\u00a0especializaci\u00f3n y conocimiento\u00a0nos permite ofrecer hardware y software. Asesoramos a los clientes al inicio de cada [&hellip;]\" \/>\n<meta property=\"og:url\" content=\"https:\/\/www.fqingenieria.com\/landing\/quienes-somos\/\" \/>\n<meta property=\"og:site_name\" content=\"FQ Ingenier\u00eda Electr\u00f3nica\" \/>\n<meta property=\"article:modified_time\" content=\"2019-07-15T10:24:03+00:00\" \/>\n<meta name=\"twitter:card\" content=\"summary_large_image\" \/>\n<meta name=\"twitter:label1\" content=\"Tiempo de lectura\" \/>\n\t<meta name=\"twitter:data1\" content=\"4 minutos\" \/>\n<script type=\"application\/ld+json\" class=\"yoast-schema-graph\">{\"@context\":\"https:\/\/schema.org\",\"@graph\":[{\"@type\":\"WebPage\",\"@id\":\"https:\/\/www.fqingenieria.com\/landing\/quienes-somos\/\",\"url\":\"https:\/\/www.fqingenieria.com\/landing\/quienes-somos\/\",\"name\":\"Quienes somos - FQ Ingenier\u00eda Electr\u00f3nica\",\"isPartOf\":{\"@id\":\"https:\/\/www.fqingenieria.com\/landing\/#website\"},\"datePublished\":\"2019-05-06T16:04:34+00:00\",\"dateModified\":\"2019-07-15T10:24:03+00:00\",\"breadcrumb\":{\"@id\":\"https:\/\/www.fqingenieria.com\/landing\/quienes-somos\/#breadcrumb\"},\"inLanguage\":\"es\",\"potentialAction\":[{\"@type\":\"ReadAction\",\"target\":[\"https:\/\/www.fqingenieria.com\/landing\/quienes-somos\/\"]}]},{\"@type\":\"BreadcrumbList\",\"@id\":\"https:\/\/www.fqingenieria.com\/landing\/quienes-somos\/#breadcrumb\",\"itemListElement\":[{\"@type\":\"ListItem\",\"position\":1,\"name\":\"Portada\",\"item\":\"https:\/\/www.fqingenieria.com\/landing\/\"},{\"@type\":\"ListItem\",\"position\":2,\"name\":\"Quienes somos\"}]},{\"@type\":\"WebSite\",\"@id\":\"https:\/\/www.fqingenieria.com\/landing\/#website\",\"url\":\"https:\/\/www.fqingenieria.com\/landing\/\",\"name\":\"FQ Ingenier\u00eda Electr\u00f3nica\",\"description\":\"Soluciones de identificaci\u00f3n por tarjeta, identificaci\u00f3n por rfid,  impresoras t\u00e9rmicas, lectores magn\u00e9ticos, teclados y sistemas de cursor industriales.\",\"potentialAction\":[{\"@type\":\"SearchAction\",\"target\":{\"@type\":\"EntryPoint\",\"urlTemplate\":\"https:\/\/www.fqingenieria.com\/landing\/?s={search_term_string}\"},\"query-input\":\"required name=search_term_string\"}],\"inLanguage\":\"es\"}]}<\/script>\n<!-- \/ Yoast SEO plugin. -->","yoast_head_json":{"title":"Quienes somos - FQ Ingenier\u00eda Electr\u00f3nica","robots":{"index":"index","follow":"follow","max-snippet":"max-snippet:-1","max-image-preview":"max-image-preview:large","max-video-preview":"max-video-preview:-1"},"canonical":"https:\/\/www.fqingenieria.com\/landing\/quienes-somos\/","og_locale":"es_ES","og_type":"article","og_title":"Quienes somos - FQ Ingenier\u00eda Electr\u00f3nica","og_description":"T. 93 208 02 58 info@fqingenieria.comQui\u00e9nes somosFQ es una sociedad de capital privado, fundada en 1.984, marcadamente orientada desde sus inicios a ofrecer la m\u00e1xima profesionalidad y rigor en los productos y procesos que desarrollamos. Nuestra\u00a0especializaci\u00f3n y conocimiento\u00a0nos permite ofrecer hardware y software. Asesoramos a los clientes al inicio de cada [&hellip;]","og_url":"https:\/\/www.fqingenieria.com\/landing\/quienes-somos\/","og_site_name":"FQ Ingenier\u00eda Electr\u00f3nica","article_modified_time":"2019-07-15T10:24:03+00:00","twitter_card":"summary_large_image","twitter_misc":{"Tiempo de lectura":"4 minutos"},"schema":{"@context":"https:\/\/schema.org","@graph":[{"@type":"WebPage","@id":"https:\/\/www.fqingenieria.com\/landing\/quienes-somos\/","url":"https:\/\/www.fqingenieria.com\/landing\/quienes-somos\/","name":"Quienes somos - FQ Ingenier\u00eda Electr\u00f3nica","isPartOf":{"@id":"https:\/\/www.fqingenieria.com\/landing\/#website"},"datePublished":"2019-05-06T16:04:34+00:00","dateModified":"2019-07-15T10:24:03+00:00","breadcrumb":{"@id":"https:\/\/www.fqingenieria.com\/landing\/quienes-somos\/#breadcrumb"},"inLanguage":"es","potentialAction":[{"@type":"ReadAction","target":["https:\/\/www.fqingenieria.com\/landing\/quienes-somos\/"]}]},{"@type":"BreadcrumbList","@id":"https:\/\/www.fqingenieria.com\/landing\/quienes-somos\/#breadcrumb","itemListElement":[{"@type":"ListItem","position":1,"name":"Portada","item":"https:\/\/www.fqingenieria.com\/landing\/"},{"@type":"ListItem","position":2,"name":"Quienes somos"}]},{"@type":"WebSite","@id":"https:\/\/www.fqingenieria.com\/landing\/#website","url":"https:\/\/www.fqingenieria.com\/landing\/","name":"FQ Ingenier\u00eda Electr\u00f3nica","description":"Soluciones de identificaci\u00f3n por tarjeta, identificaci\u00f3n por rfid,  impresoras t\u00e9rmicas, lectores magn\u00e9ticos, teclados y sistemas de cursor industriales.","potentialAction":[{"@type":"SearchAction","target":{"@type":"EntryPoint","urlTemplate":"https:\/\/www.fqingenieria.com\/landing\/?s={search_term_string}"},"query-input":"required name=search_term_string"}],"inLanguage":"es"}]}},"_links":{"self":[{"href":"https:\/\/www.fqingenieria.com\/landing\/wp-json\/wp\/v2\/pages\/222"}],"collection":[{"href":"https:\/\/www.fqingenieria.com\/landing\/wp-json\/wp\/v2\/pages"}],"about":[{"href":"https:\/\/www.fqingenieria.com\/landing\/wp-json\/wp\/v2\/types\/page"}],"author":[{"embeddable":true,"href":"https:\/\/www.fqingenieria.com\/landing\/wp-json\/wp\/v2\/users\/1"}],"replies":[{"embeddable":true,"href":"https:\/\/www.fqingenieria.com\/landing\/wp-json\/wp\/v2\/comments?post=222"}],"version-history":[{"count":12,"href":"https:\/\/www.fqingenieria.com\/landing\/wp-json\/wp\/v2\/pages\/222\/revisions"}],"predecessor-version":[{"id":1030,"href":"https:\/\/www.fqingenieria.com\/landing\/wp-json\/wp\/v2\/pages\/222\/revisions\/1030"}],"wp:attachment":[{"href":"https:\/\/www.fqingenieria.com\/landing\/wp-json\/wp\/v2\/media?parent=222"}],"curies":[{"name":"wp","href":"https:\/\/api.w.org\/{rel}","templated":true}]}}